mmon divisor of 65 and 6240.
65
What is the greatest common divisor of 725 and 100?
25
Calculate the highest common divisor of 1595 and 55.
55
What is the greatest common divisor of 198 and 4374?
18
Calculate the highest common divisor of 453 and 3.
3
What is the greatest common factor of 117 and 6630?
39
Calculate the highest common factor of 700 and 40.
20
What is the greatest common factor of 18 and 15228?
18
What is the greatest common factor of 20 and 1060?
20
Calculate the greatest common factor of 15 and 2715.
15
Calculate the greatest common divisor of 1230 and 6.
6
Calculate the highest common divisor of 652 and 8.
4
Calculate the greatest common divisor of 16 and 1544.
8
What is the highest common divisor of 78 and 15?
3
Calculate the greatest common factor of 165 and 66.
33
Calculate the highest common divisor of 62 and 527.
31
Calculate the greatest common factor of 3 and 2011.
1
What is the highest common divisor of 3869 and 106?
53
What is the greatest common factor of 1062 and 36?
18
What is the highest common factor of 91 and 2145?
13
Calculate the highest common factor of 108 and 1566.
54
What is the highest common factor of 407 and 1517?
37
Calculate the highest common divisor of 182 and 52.
26
Calculate the highest common factor of 12943 and 7.
7
What is the greatest common divisor of 12520 and 120?
40
What is the greatest common factor of 545 and 436?
109
Calculate the greatest common factor of 5 and 115.
5
What is the highest common divisor of 572 and 88?
44
What is the greatest common factor of 66 and 1023?
33
Calculate the highest common divisor of 2144 and 64.
32
What is the highest common divisor of 72 and 963?
9
Calculate the greatest common divisor of 77 and 14707.
77
Calculate the highest common divisor of 10 and 360.
10
Calculate the greatest common factor of 60 and 10410.
30
What is the highest common divisor of 280 and 3465?
35
What is the greatest common divisor of 1677 and 86?
43
Calculate the highest common divisor of 20 and 230.
10
Calculate the highest common divisor of 260 and 7800.
260
What is the greatest common factor of 670 and 10?
10
What is the highest common divisor of 62 and 1798?
62
Calculate the greatest common divisor of 9900 and 3150.
450
Calculate the greatest common divisor of 6 and 135.
3
Calculate the greatest common factor of 48 and 4332.
12
What is the highest common divisor of 72 and 531?
9
What is the highest common divisor of 342 and 18?
18
What is the greatest common divisor of 372 and 1736?
124
Calculate the greatest common divisor of 230 and 253.
23
What is the greatest common divisor of 133 and 19418?
133
What is the greatest common divisor of 2618 and 56?
14
Calculate the highest common divisor of 2491 and 53.
53
Calculate the highest common divisor of 23160 and 40.
40
Calculate the highest common factor of 903 and 42.
21
Calculate the highest common factor of 62951 and 17.
17
Calculate the highest common factor of 12 and 22452.
12
What is the greatest common divisor of 50 and 2?
2
Calculate the highest common divisor of 18 and 441.
9
Calculate the highest common factor of 25 and 65.
5
Calculate the highest common factor of 12026 and 14.
14
What is the highest common divisor of 8832 and 2392?
184
Calculate the greatest common factor of 212 and 8003.
53
Calculate the highest common divisor of 144 and 5376.
48
Calculate the greatest common divisor of 1220 and 5.
5
What is the highest common divisor of 56 and 35?
7
What is the greatest common divisor of 116 and 319?
29
What is the highest common factor of 22 and 451?
11
Calculate the greatest common factor of 31 and 2.
1
Calculate the highest common factor of 3260 and 40.
20
What is the highest common factor of 45 and 1605?
15
What is the greatest common factor of 20 and 245?
5
What is the highest common divisor of 76 and 684?
76
Calculate the greatest common divisor of 74 and 8140.
74
Calculate the greatest common divisor of 1555 and 5.
5
Calculate the highest common divisor of 118 and 118.
118
What is the greatest common divisor of 35 and 315?
35
What is the highest common divisor of 208 and 24?
8
What is the highest common divisor of 26672 and 96?
16
Calculate the highest common factor of 210 and 11004.
42
What is the highest common divisor of 3 and 8?
1
What is the greatest common divisor of 1144 and 704?
88
Calculate the greatest common factor of 2278 and 871.
67
What is the highest common factor of 152 and 12?
4
Calculate the highest common divisor of 319 and 99.
11
Calculate the highest common divisor of 2172 and 24.
12
Calculate the highest common factor of 3 and 32.
1
Calculate the greatest common divisor of 12 and 2312.
4
What is the greatest common factor of 1946 and 14?
14
Calculate the highest common divisor of 4588 and 740.
148
Calculate the greatest common factor of 24 and 252.
12
What is the greatest common factor of 496 and 899?
31
What is the greatest common factor of 3380 and 40?
20
What is the greatest common factor of 63 and 1575?
63
What is the highest common divisor of 1455 and 15?
15
Calculate the greatest common divisor of 30 and 930.
30
Calculate the greatest common factor of 4548 and 12.
12
What is the greatest common divisor of 16 and 114448?
16
Calculate the highest common factor of 18 and 45.
9
What is the highest common factor of 23 and 22793?
23
Calculate the highest common factor of 1730 and 10.
10
Calculate the highest common divisor of 9 and 2067.
3
Calculate the greatest common divisor of 68 and 75616.
68
What is the greatest common divisor of 719 and 1?
1
What is the highest common divisor of 611 and 376?
47
What is the highest common divisor of 350 and 56?
14
What is the highest common divisor of 8 and 3?
1
Calculate the highest common factor of 208 and 18824.
104
Calculate the greatest common divisor of 920 and 280.
40
Calculate the greatest common divisor of 335 and 67.
67
Calculate the greatest common divisor of 143 and 65.
13
What is the greatest common factor of 640 and 100?
20
Calculate the highest common factor of 5859 and 3038.
217
What is the greatest common factor of 16 and 11160?
8
What is the highest common divisor of 93 and 19189?
31
Calculate the greatest common factor of 679 and 873.
97
What is the greatest common divisor of 30 and 27190?
10
What is the highest common divisor of 1014 and 6?
6
What is the highest common factor of 9789 and 502?
251
What is the highest common divisor of 200 and 18050?
50
Calculate the greatest common factor of 1420 and 4828.
284
What is the highest common factor of 477 and 387?
9
What is the highest common divisor of 69 and 1127?
23
Calculate the greatest common factor of 19047 and 21.
21
Calculate the highest common factor of 770 and 252.
14
What is the highest common divisor of 403 and 62?
31
What is the greatest common factor of 2511 and 31?
31
Calculate the highest common divisor of 34 and 255.
17
Calculate the highest common factor of 14 and 189.
7
Calculate the highest common divisor of 164 and 4.
4
What is the greatest common divisor of 124 and 44?
4
What is the highest common factor of 89490 and 38?
38
What is the greatest common factor of 145 and 319?
29
What is the highest common factor of 158 and 3713?
79
What is the highest common divisor of 287 and 91?
7
What is the highest common divisor of 36 and 7092?
36
What is the greatest common factor of 98 and 5978?
98
Calculate the highest common factor of 66 and 2838.
66
Calculate the highest common divisor of 3480 and 120.
120
Calculate the highest common factor of 8 and 3832.
8
Calculate the highest common divisor of 64 and 1.
1
What is the highest common factor of 4509 and 668?
167
Calculate the greatest common factor of 1782 and 162.
162
Calculate the greatest common divisor of 252 and 11571.
21
Calculate the greatest common factor of 133 and 4237.
19
Calculate the greatest common factor of 384 and 4128.
96
What is the greatest common divisor of 418 and 114?
38
Calculate the greatest common divisor of 67 and 536.
67
Calculate the greatest common factor of 45 and 18.
9
What is the greatest common divisor of 52 and 91?
13
What is the highest common factor of 335 and 10?
5
What is the highest common factor of 9 and 2142?
9
What is the greatest common factor of 38 and 152?
38
What is the gre